Suppose -6*s + 4*s + 30 = 5*g, 5*s = g + 21. Let l = 4 + g. What is the units digit of l?
8
Suppose 13 + 2 = 5*x. Suppose -x*s - 38 = 28. What is the units digit of (11/s)/(2/(-84))?
1
Let t be (180/50)/((-2)/(-20)). Suppose 0*g = 4*g + t. What is the tens digit of (-681)/(-9) - 3/g?
7
Let s(m) = -m**3 - 16*m + 2*m**3 + 11*m**2 + 32*m - 14*m - 3. What is the tens digit of s(-5)?
3
Let y(l) = l**3 - 8*l**2 + 8*l + 17. Let i be y(8). Let v = i + -15. What is the tens digit of v?
6
Let x(j) = j**3 - 6*j**2 + 2*j + 7. Let q(u) = u**2 - 10*u + 6. Let i be q(10). What is the units digit of x(i)?
9
Suppose -12*c - 34879 = -25*c. What is the tens digit of c?
8
Suppose -2*w - 5*i + 226 = 0, -97 = -2*w - 4*i + 131. Suppose w = 4*n - 34. What is the tens digit of n?
3
Let r(d) = 2491*d**2 + 17*d - 14. What is the tens digit of r(1)?
9
What is the units digit of 4333/6 - 8/48?
2
Let j = 8 + -3. Let r = j + -2. Suppose 44 + 98 = 4*f - u, -4*f + r*u + 146 = 0. What is the units digit of f?
5
Let k(c) be the first derivative of c**3/3 + 4*c**2 + 8*c - 6. What is the tens digit of k(-11)?
4
What is the hundreds digit of ((-58)/4)/((-58)/3712)?
9
Let d be (-84)/(-4)*2/2. Let p be (-1252)/(-7) + 3/d. Suppose 4 + p = 3*h. What is the tens digit of h?
6
Suppose 2*q = q + 14. Let x = -5 + q. What is the units digit of x?
9
Suppose -56*m + 1866 = -54*m. What is the hundreds digit of m?
9
Suppose -2*m + 11 - 5 = 0. Suppose 0 = -2*y + n + 21, -4*y + 5 + 40 = -5*n. Suppose 0 = 3*q - 6*q - 4*k + y, -m = q - 5*k. What is the units digit of q?
2
Suppose 92 = 7*h - 6. Let r(u) = -u**2 + 14*u + 23. What is the units digit of r(h)?
3
Let s = -59 + 49. Let m = 16 - s. What is the tens digit of m?
2
Let s be 72/(-48) - 62/(-4). Let t(f) = 16*f**2 - 5*f - 3. Let q be t(-3). Suppose -s*l + 16*l - q = 0. What is the units digit of l?
8
Let q(m) = -22*m - 6. Let a(y) = 2*y**2 - 7*y - 8. Let n be a(4). What is the units digit of q(n)?
2
Suppose 3*o = -o + 4*z + 36, 5*z = -5*o + 5. Suppose i = -4*g + 8, 4*g = o*i - 0*g - 16. What is the tens digit of (-1 - -45)*2/i?
2
Let b be (-1 + 2)/(3/(-15)). Let o(z) = -z**3 - 2*z**2 + 3*z - 12. What is the units digit of o(b)?
8
Let y(c) = 2*c**2 - 23*c + 114. What is the units digit of y(19)?
9
Suppose -34*m + 6273 = -17*m. What is the tens digit of m?
6
Suppose -2*d - 10 = -m + d, 2*m - 2 = -3*d. What is the units digit of 1 - (-12 - 4)/m?
5
Let j = -20 - -22. Let l(x) = 0 + x**3 + 246*x**2 - 261*x**j - 14*x + 6. What is the units digit of l(16)?
8
Suppose -341 - 2787 = -23*o. What is the units digit of o?
6
What is the hundreds digit of (-4)/(-26) + (-1911)/(-338)*38?
2
Let z = 27 + -27. Let d be -1 + (-4)/(-1) + z. Suppose -2*g = -2, -g = d*t - 30 - 13. What is the units digit of t?
4
Let a(l) = 1841*l + 89. What is the thousands digit of a(1)?
1
Let w be ((4 - 4)/(1/(-1)))/1. Suppose -5*p + q - 5*q + 510 = 0, w = 5*q. What is the hundreds digit of p?
1
Suppose -3*v + 10 = -2. Suppose 227 = -v*g + 63. What is the tens digit of g/(-3) - 2/3?
1
Let o = 1518 - -1476. What is the tens digit of o?
9
Let b be 2/(-2 - (-40)/18). Suppose 48 = n + 2*s - b, 4*n + 5*s - 216 = 0. What is the units digit of n?
9
Let v(i) = i + 4. Let c be v(9). Suppose n + 6 = c. What is the units digit of n?
7
Let k = 670 + -340. Suppose 4*q - 294 - 36 = -3*n, -3*n + 2*q = -k. What is the tens digit of n?
1
Let m = -866 - -2637. What is the thousands digit of m?
1
Let z(d) = 4*d - 3. Let k be z(2). Suppose a - 330 = -k*a. What is the tens digit of a?
5
Suppose -n - 267 = -713. What is the units digit of n?
6
Let v(p) = 65*p - 3. Let g(j) = j - 1. Let k(b) = -5*g(b) + v(b). What is the tens digit of k(1)?
6
Suppose -8*b - 126 = -2*b. What is the hundreds digit of 192/54*6*b/(-2)?
2
Let b = -83 - -408. What is the units digit of b?
5
Suppose 4 = 4*h + 16. Let r be (h*2)/(-3) - 3. What is the units digit of 0 - (-2 + 11)/r?
9
Suppose 4*b + 5*a - 10 = 3*b, 5*a = -4*b + 10. Let j(z) = -z**2 + b + z + 0 + z. What is the units digit of j(1)?
1
Suppose 3*s - 2*s - 1011 = k, -3*s - 4*k = -3068. What is the tens digit of 6/(-39) + s/13?
7
Let o(a) = -18*a**2 + 19*a**2 + 0*a - 3 - 2*a + 2. What is the units digit of o(13)?
2
Suppose 4*z + 5981 = 3*o, 4*o + 4*z - 654 = 7274. What is the hundreds digit of o?
9
Suppose 6*o - 910 = 1490. Suppose o = 9*t - 1049. What is the hundreds digit of t?
1
Suppose 0 = 2*n + 6, 0*n = 2*l + n - 1. Let u = l - -25. What is the tens digit of u?
2
Let a be (-602)/(-3) + 2/12*-4. Suppose -s + 197 = 4*y, 4*s = 4*y + a + 668. What is the units digit of s?
3
Let b(t) = -t**2 + 8*t - 6. Let m be b(6). Let c(v) be the second derivative of v**5/20 - v**4/3 - 7*v**3/6 - 7*v**2/2 + v. What is the units digit of c(m)?
3
What is the hundreds digit of (-4 - (-2 + -4))*61*5?
6
Let g be (2/6)/((-2)/6). Suppose -4*y + 6*n = 8*n - 2, -2*y + 13 = -3*n. What is the units digit of y/(g/(-28 + 2))?
2
Let z be 44/11 + (0/1)/(-2). Suppose 2*p = 2*f + 48, -p - f + 28 = -z*f. What is the tens digit of p?
2
Suppose -3*u + 4*t + 4733 = 0, 0 = 97*u - 96*u - 4*t - 1591. What is the tens digit of u?
7
Suppose -5*o = -0*o. Let r = 176 + -68. Suppose o*z - r = -3*z. What is the tens digit of z?
3
Suppose 2*d - 116 = f + 144, 4*d + f = 508. Let b = 154 - d. What is the tens digit of b?
2
Let r = -3970 - -8792. What is the tens digit of r?
2
Let z(c) = -2 - 1547*c - 1 + 154*c + 2. Let v be z(-2). What is the tens digit of v/75 - (-4)/(-30)?
3
Let l(d) be the second derivative of -3*d**5/20 + d**4/12 + 2*d**3/3 + 5*d**2/2 - 286*d. Let m(a) = -2*a + 2. Let k be m(2). What is the tens digit of l(k)?
2
Let w(o) = 6*o + 66. Let t be w(-12). Let d(x) = -23*x + 6. What is the hundreds digit of d(t)?
1
Let t(s) = -2*s + 16*s**2 + 0*s + 4*s + 2. Let b be t(-3). Suppose b = 6*g - g. What is the units digit of g?
8
Let s(t) = 4*t**2 + 11*t - 76. What is the tens digit of s(-16)?
7
Let v(p) = -578*p + 2. What is the units digit of v(-1)?
0
Suppose -3*k - 3*h - 108 = 2*h, 0 = -5*k - 5*h - 180. Let n = -2 - k. What is the units digit of n?
4
Let w(k) = k**2 - 23*k + 5. Let r be w(17). Let g = r - -138. What is the units digit of g?
1
Let k(h) = 58*h**2 + 8. Let d be k(4). Suppose -4*f + 11*n = 12*n - d, 5*f = -n + 1171. What is the units digit of f?
5
Suppose -3*o = -2*m + 6*m + 23, 3*m + 3*o + 15 = 0. What is the tens digit of 15*m/(120/(-99))?
9
What is the tens digit of (9510/(-90))/((-1)/57)?
2
Suppose -16 - 6 = 2*z. Let h(r) be the first derivative of -5*r**2/2 - 11*r - 6. What is the units digit of h(z)?
4
What is the units digit of (23850/(-125))/(3/(-10))?
6
Let n(b) = -b**2 - 116*b + 18. What is the tens digit of n(-35)?
5
Let x(m) = m - 4 + 2 + 3. What is the tens digit of x(19)?
2
Let f(x) = -x**3 - x**2 - 2*x - 6. Let h be f(-3). Let u = h - 2. Suppose b - u + 0 = 0. What is the units digit of b?
6
Suppose -4*t = -2*x - 1428, -5*x = -15*t + 16*t - 368. What is the hundreds digit of t?
3
Let m(v) = -2*v**3 - 10*v**2 - 7*v - 84. What is the tens digit of m(-11)?
4
Let v(b) be the second derivative of b**5/20 - b**4/6 + b**3/6 + 2*b**2 - 10*b. What is the units digit of v(4)?
0
Suppose -379 = -5*r + 271. Suppose w + 3*w - r = -p, -w = -p - 30. Let u = 93 - w. What is the units digit of u?
1
Let s(i) = i**2 - 3*i - 6. Suppose 0*y + 14 = 2*z + 2*y, -4 = -2*y. Let l be s(z). What is the units digit of -13*2*(-2)/l?
3
Suppose 13135 = 55*y - 13815. What is the hundreds digit of y?
4
Let y be (-8)/(1 - (-1 - 0)). Let s be y/6*(-54)/12. Suppose x - 32 = -2*u, -s*x + 1 = -11. What is the tens digit of u?
1
Let t(b) = b**2 + b + 180. Let d be t(0). Suppose -3*o - 2*o = -d. Let g = -21 + o. What is the tens digit of g?
1
Suppose 40*z - 14183 - 1137 = 0. What is the units digit of z?
3
Let u = 3 + -1. Suppose -336 = -o - u*o. What is the tens digit of o?
1
Let b(k) = -3*k**2 + k + 0*k**2 - 2 + 4*k**2 - 10*k. Let c be b(7). What is the units digit of (-695)/(-20) - (-12)/c?
4
Let x(b) = -1 - 11*b - 5*b + 14*b + 8*b**3. Let q be x(-1). Let t(v) = -4*v - 1. What is the tens digit of t(q)?
2
Let l = -93 - -147. Suppose -3*k - 3*p + l = -24, 4*k = p + 129. What is the units digit of k?
1
Suppose 9*u + 1200 = 3090. What is the units digit of u?
0
Suppose 7 + 43 = -2*n. Let w = n - -208. What is t